)) composite?
True
Let w(l) = -l**3 - 9*l**2 + 6*l + 10. Let q be w(8). Let h = 5869 - q. Is h a prime number?
True
Suppose 4 = -4*u - 40. Let m = u + 14. Is -1 - (-205 + m + 2) a prime number?
True
Let s(k) = -16*k**2 - 22*k - 71. Let z(h) = -31*h**2 - 45*h - 142. Let q(n) = 11*s(n) - 6*z(n). Is q(29) prime?
True
Let y(z) = -5*z**2 + 3*z. Let w be y(1). Let d be w/(-4)*-2 - -9. Is 2512/6 + d/24 composite?
False
Let k(f) = 214*f**3 - 143*f**2 + 11*f + 171. Is k(13) a prime number?
False
Suppose 0 = -3*n + 1384 - 1369. Suppose -n*c - 26015 = -28*t + 23*t, 2*t + 2*c - 10422 = 0. Is t a prime number?
False
Let h be (16/(-10))/(6/(-15)). Let a be 0/(h - 3) - -17. Suppose a*j - 1671 = 14*j. Is j a composite number?
False
Let o be 20 - (0*(-2)/6)/3. Let d be o/(-9) + 4/18. Is d*(870/4)/(-3) a composite number?
True
Suppose -4*m + 12 = -m. Suppose m*h - 3*h = 7993. Is h prime?
True
Suppose -2*t = -3*n - 21646, -24*t = -25*t - n + 10813. Is t composite?
True
Suppose 4*x + 5*g - 6 = 0, 0 = 4*x + 2*g + 2*g - 8. Suppose -409436 = 4*b - x*q, 175898 = 4*b - 3*q + 585335. Is (-3)/(-2)*(b/18)/(-10) prime?
True
Suppose 3*i - j = 4*j + 91, -2*j - 139 = -5*i. Let q = 33 - i. Let k(d) = 3*d**2 + 9*d - 13. Is k(q) a prime number?
True
Suppose -l + 20114 = -15513. Is l prime?
False
Let x(q) = -15756*q + 203. Is x(-15) a composite number?
True
Let i(q) = q - 4. Let c be i(4). Let k be (-3 - 65/(-20))/(2/32). Suppose -5*p + c*x + 8816 = -3*x, -k*p - 5*x = -7075. Is p prime?
False
Let l = -1613 - -5648. Suppose 4*d = 2*k - 26, -2*k + 49 = 3*k - 2*d. Suppose k*s - 12*s = -l. Is s a composite number?
True
Suppose 2*q = 6*q + 276. Let c = q - -94. Suppose -23*m - 470 = -c*m. Is m prime?
False
Let m(o) = 593*o**3 + o**2 - 7*o + 4. Let z(w) = w**2 - 1. Let v(y) = -m(y) - z(y). Let h be v(2). Let r = -932 - h. Is r a composite number?
True
Suppose -4*t + 2646151 = -5*g, 5*t - g - 1323065 = 3*t. Is t prime?
False
Suppose -2*j = -5*j. Suppose -3*q + j*q = -18. Suppose q*k = -3*k + 14769. Is k a composite number?
True
Suppose -2 = 2*h - 2. Suppose 8*y - 3283 - 1461 = h. Is y a composite number?
False
Suppose -271931 + 1392226 = 15*b - 652540. Is b a composite number?
False
Let l(i) = -22492*i - 1147. Is l(-12) prime?
True
Suppose 0 = 12*s - 7*s + 5*b + 480, 0 = -2*s + 3*b - 212. Is 2/(-8) + (-992325)/s prime?
True
Let g(f) be the first derivative of -133*f**2 + 27*f + 2. Is g(-26) a composite number?
True
Let m be ((-62)/3)/(-4 - 42/(-9)). Is (m - 0)*-227 + 2 a composite number?
False
Suppose w = r - 1, -5*r + 36 - 16 = 0. Suppose -4*d - 417 = 3*f, 0 = -4*f + 4*d - w*d - 575. Let t = f + 446. Is t a composite number?
True
Let d(l) = -l**3 + 22*l**2 + 4*l - 10. Let s = 17 - 13. Let m be ((-52)/(-10))/(s/10). Is d(m) prime?
False
Let o(d) = -922*d**3 + 2*d + 1. Let a be o(-1). Let b be ((-10)/(-2))/(-1) + 308/44. Suppose -a = -q - b*q. Is q composite?
False
Let v = 749718 + -507167. Is v a composite number?
False
Suppose -49*u + 39*u = -20670. Suppose d + u = -59*i + 60*i, -2*d + 10307 = 5*i. Is i a composite number?
False
Let l(i) = -i**3 + 7*i**2 - 7*i + 1. Let k be l(5). Let b be (-4)/6 - (k/12 + -4). Suppose -2035 = -7*q + b*q. Is q composite?
True
Let x = 298 - 301. Is x/(-6) - (-229608)/16 prime?
False
Suppose 42044 = -18*b - 37372. Let z = 13641 + b. Is z prime?
False
Suppose 4*t + 31*b - 82 = 26*b, 0 = -5*b + 10. Let f = 170 - 65. Is 1125/f - (t/(-14) + 1) a prime number?
True
Suppose 0 = v + 4*g + 40, 2*v + 0*v + 55 = -3*g. Let h = v - -39. Is ((-1114)/10)/(h/(-95)) prime?
True
Is 11 + (12 - -100337 - 11) prime?
False
Let j(h) = -1441*h**3 - 291*h**3 + 2*h + 0 + 1 + 4*h**2 - 2*h**2. Let q be 16/(-14) - 5/(-35). Is j(q) prime?
True
Let z(g) = 184*g - 161. Let i be z(-21). Let w = i + 7518. Is w a composite number?
True
Suppose -12 = -14*h + 30. Let r(x) = 63*x**3 - 4*x**2 + 3*x - 1. Is r(h) composite?
True
Is 46/69 + (-51388)/(-12) composite?
False
Let n = 147 - 147. Suppose -o - 1351 = -3*d, n = 2*d - d - o - 449. Is d a composite number?
True
Let u(f) = f**2 - 2*f - 3. Let c be u(-2). Suppose 2 + 3 = 2*t - r, t = -c*r - 25. Suppose t*m + 5*m + 20 = 0, 0 = -3*n - m + 1919. Is n prime?
True
Let r = 169 + 6638. Let k = r + -806. Is k a prime number?
False
Let h(l) = -747*l - 850. Is h(-41) a composite number?
True
Let k(s) = -399*s - 4. Let p be k(-12). Suppose 0 = 7*a - 3*a - 3*i + p, -5*a - 5980 = 4*i. Is 1*a/(-1 - 3) a composite number?
True
Suppose 0 = -t + 6*t + 5*m - 15815, -3*t + 9524 = -4*m. Suppose 11*p = 13*p - t. Let w = p + 395. Is w prime?
True
Let s = -368 - 170. Let c = s + 832. Let w = c - 207. Is w a prime number?
False
Suppose 1258 - 1288 = -6*z. Suppose -z*x + 9*d + 62647 = 12*d, -d - 50104 = -4*x. Is x a prime number?
True
Suppose 19*x = 6*x + 18148. Let u = x + -485. Is u prime?
True
Suppose -132*y + 134*y = 53500. Let r = -14761 + y. Is r a composite number?
True
Suppose 6*t - 5*t - 342 = 4*c, 4*t + 4*c - 1308 = 0. Is ((-21822)/4)/(t/(-220)) a prime number?
True
Let z be (0 - -2)/(-2 + 4). Let o(i) = -387*i - 22. Let y(u) = 389*u + 16. Let m(s) = 2*o(s) + 3*y(s). Is m(z) a prime number?
True
Let a = 2147 - -5344. Suppose 0 = 4*w - a - 5477. Suppose -3*q + w = 2*n, -q - q + 8105 = 5*n. Is n prime?
True
Let s = 1261 + 910. Suppose -2*g - g - 5432 = -5*m, 0 = -2*m + 3*g + s. Is m prime?
True
Let v = -10 + 7. Let w be (v - 2)/5*(-2 + -2). Suppose -6 = -2*y, 5*k - 1180 = k + w*y. Is k composite?
True
Let u be (-39)/(-4) + -1 - 11/(-44). Suppose -u*i - 424238 = -61277. Is 10/(-35) + i/(-7) a composite number?
True
Suppose -279040 = -4*l + 3*r - 0*r, 3*l - 209273 = 4*r. Suppose 16080 = -7*a + l. Is a a composite number?
False
Let b be (-30)/(-20) - 34/(-4). Is (-4)/b - (-163058)/70 a prime number?
False
Suppose 846*v = 842*v + 60. Suppose -3777 = -q + r - 553, v = 5*r. Is q composite?
True
Let t = 33 - 29. Suppose -3*q + 1467 = 4*i, -t*q = q + 5*i - 2450. Is q prime?
False
Let n be (-195)/(-12) - 3/(-4). Suppose 5*u - n = 3*b + 2, 4*b = -4*u + 28. Is ((-63)/b)/(-9)*254 a prime number?
False
Let f(k) = -54*k - 59. Suppose 0 = -4*i + 4*p - 56, p + p - 55 = 5*i. Is f(i) a prime number?
False
Suppose 0 = -13*v - 24203 + 101176. Is v + 11 + (0 + 2)/2 composite?
True
Let r = -4895 + 7330. Suppose 6*o - 1951 = r. Is o a prime number?
False
Suppose 3*a - 2*t = 19, 5*a - 40 = -7*t + 12*t. Suppose -o + 140 = 4*u - 3*u, -455 = -a*u + 4*o. Is u a prime number?
False
Let r(m) = 55*m**2 - 2*m - 2. Let c be (124/16)/(1/4). Suppose 3*y = o + 4*o - 30, -5*y - c = -2*o. Is r(y) a prime number?
False
Suppose -4346569 = -79*x + 1355582 - 465004. Is x prime?
True
Suppose -13*g = -523428 + 7536. Let m be (-6)/(-45) + g/45. Suppose 696 = 4*w - 7*p + 3*p, 5*w = 2*p + m. Is w composite?
True
Let n be 5/2 - (-4)/8 - 15. Let z be (-57)/9*n*4. Suppose h = z + 115. Is h a composite number?
False
Suppose 10*z - 28 = 22. Let v = 2342 + -1658. Suppose -2*p + x = -v, z*x + 0*x = -10. Is p a prime number?
False
Let l(h) = 4*h**3 + 4*h**2 + 7*h - 7. Suppose s = 16*s - 60. Is l(s) a prime number?
False
Let z be 4/8*2 + -10. Let x be 38/171 - 25/z. Suppose -q - x*w + 0*w + 305 = 0, -2*w + 8 = 0. Is q composite?
False
Let q(x) = -7*x**3 - 8*x**2 - 2*x + 6. Suppose -7 + 22 = -3*k. Let v be q(k). Let u = v + -269. Is u composite?
True
Let w be (8/(-4))/(-1)*-292 - 3. Let r = -508 - w. Is r a prime number?
True
Suppose -18 + 2 = 4*r, 3*o + r = 8. Let u be 10/o*(-88)/(-110). Is 32584/24 - u/3 a composite number?
True
Suppose 4*b + 4*o - 20 = 6*o, -5*o = -5*b + 20. Suppose 0 = p - 5, -4*p + 4 = 2*m - b*p. Suppose -4027 = -m*k + 8300. Is k prime?
False
Let p = -284 - -502. Suppose 5*j = -2*b + p, 3*b = -2*j + 5*j + 327. Is b a composite number?
False
Let l(z) be the second derivative of 14*z**4/3 - 17*z**3/6 + 31*z**2/2 + 2*z + 26. Is l(12) prime?
False
Suppose -3*n + 3470 = -2*n. Let b be (18/(-12))/(5/n). Let v = 2084 + b. Is v a prime number?
False
Let q = 1937 + -1929. Suppose -7692 = -4*s - 0*s. Suppose -q*g = -s - 9845. Is g composite?
False
Suppose -11*q - 25697 = -18*q. Let g = q - 12. Is g a composite number?
False
Let v(j) = -4*j + 36*j**2 - 4*j - 2*j - 132*j**2 + 73. Let g(c) = 64*c**2 + 7*c - 49. Let x(t) = 8*g(t) + 5*v(t). Is x(-7) a prime number?
True
Let q(x) = -4*x**3 - 136*x**2